{"id":3058,"date":"2022-09-27T20:22:41","date_gmt":"2022-09-27T18:22:41","guid":{"rendered":"http:\/\/sailing-palava.com\/?page_id=3058"},"modified":"2023-03-23T10:30:22","modified_gmt":"2023-03-23T09:30:22","slug":"recko-2022-mistrostvi-evropy-v-lodni-tride-formula-kite-v-reckem-nafpaktosu","status":"publish","type":"page","link":"http:\/\/sailing-palava.com\/?page_id=3058","title":{"rendered":"\u0158ecko 2022 &#8211; Mistrostv\u00ed Evropy v lodn\u00ed t\u0159\u00edd\u011b Formula Kite v \u0159eck\u00e9m Nafpaktosu"},"content":{"rendered":"\t\t<div data-elementor-type=\"wp-page\" data-elementor-id=\"3058\" class=\"elementor elementor-3058\">\n\t\t\t\t\t\t<section class=\"elementor-section elementor-top-section elementor-element elementor-element-26c9bb5 elementor-section-boxed elementor-section-height-default elementor-section-height-default\" data-id=\"26c9bb5\" data-element_type=\"section\" data-e-type=\"section\">\n\t\t\t\t\t\t<div class=\"elementor-container elementor-column-gap-default\">\n\t\t\t\t\t<div class=\"elementor-column elementor-col-50 elementor-top-column elementor-element elementor-element-ad41094\" data-id=\"ad41094\" data-element_type=\"column\" data-e-type=\"column\">\n\t\t\t<div class=\"elementor-widget-wrap elementor-element-populated\">\n\t\t\t\t\t\t<div class=\"elementor-element elementor-element-54cea8a elementor-widget elementor-widget-text-editor\" data-id=\"54cea8a\" data-element_type=\"widget\" data-e-type=\"widget\" data-widget_type=\"text-editor.default\">\n\t\t\t\t<div class=\"elementor-widget-container\">\n\t\t\t\t\t\t\t\t\t<div dir=\"auto\" style=\"font-family: inherit; animation-name: none!important; transition-property: none!important;\"><p class=\"-wm-MsoNormal\" style=\"margin-bottom: 0cm; line-height: normal; background-image: initial; background-position: initial; background-size: initial; background-repeat: initial; background-attachment: initial; background-origin: initial; background-clip: initial;\"><b><span style=\"font-size: 12pt; font-family: 'Arial',sans-serif; mso-fareast-font-family: 'Times New Roman'; color: #003399; mso-fareast-language: CS;\">\u0158ecko: <span style=\"background-color: #f5f5f5;\">Nafpaktos<\/span><\/span><\/b><\/p><p>\u00a0<\/p><p class=\"-wm-MsoNormal\">V term\u00ednu 26.9. &#8211; 2.10.2022 prob\u011bhne Mistrostv\u00ed Evropy v lodn\u00ed t\u0159\u00edd\u011b Formula Kite v \u0159eck\u00e9m Nafpaktosu. Je registrov\u00e1no 138 z\u00e1vodn\u00edk\u016f z 39 zem\u00ed, 90 mu\u017e\u016f a 48 \u017een. Sjeli se z\u00e1vodn\u00edci sv\u011btov\u00e9 \u0161pi\u010dky ale taky nov\u00e9 tv\u00e1\u0159e z cel\u00e9ho sv\u011bta. N\u011bkter\u00e9 n\u00e1rodn\u00ed t\u00fdmy dorazily s p\u0159edstihem ve v\u011bt\u0161\u00edm po\u010dtu, ne\u017e stanovuje limit z\u00e1vodn\u00edk\u016f pro tuto ud\u00e1lost. M\u011bli tak mo\u017enost pom\u011b\u0159it sv\u00e9 s\u00edly v tr\u00e9ninku p\u0159ed nach\u00e1zej\u00edc\u00edm Mistrovstv\u00ed sv\u011bta, kter\u00e9 prob\u011bhne n\u00e1sledn\u011b ji\u017e od 7.\u0159\u00edjna na Sardinii v Cagliari. \u010ceskou republiku budou reprezentovat Monika \u017di\u017elavsk\u00e1, Kate\u0159ina \u0160alandov\u00e1, Dominika Braunov\u00e1 a Vojt\u011bch Ko\u0161ka (oba junio\u0159i). T\u00fdm doprov\u00e1z\u00ed tren\u00e9r Ivan Doronin.<br \/>Pro na\u0161e z\u00e1vodn\u00edky jsou oba nadch\u00e1zej\u00edc\u00ed z\u00e1vody prov\u011brkou schopnost\u00ed a pom\u011b\u0159en\u00edm sil se sv\u011btovou \u0161pi\u010dkou. Mistrovsv\u00ed Evropy a Mistrovstv\u00ed sv\u011bta jsou posledn\u00ed v\u00fdznamn\u00e9 z\u00e1vody sez\u00f3ny p\u0159ed nomina\u010dn\u00edm rokem na OH.<br \/>Zah\u00e1jen\u00ed z\u00e1vodu komplikuje \u0161patn\u00e9 po\u010das\u00ed, pro p\u0159edpov\u011b\u010f bou\u0159ek, siln\u00e9ho n\u00e1razov\u00e9ho v\u011btru a p\u0159\u00edvalov\u00fdch de\u0161\u0165\u016f byl oblastn\u011b vyd\u00e1n z\u00e1kaz vstupu do vody. Pro n\u00e1sleduj\u00edc\u00ed dny je p\u0159edpov\u011b\u010f p\u0159\u00edzniv\u011bj\u0161\u00ed, vzhledem ke ztr\u00e1t\u011b jednoho z\u00e1vodn\u00edho dne budou nav\u00fd\u0161eny po\u010dty rozj\u00ed\u017ed\u011bk, co\u017e prov\u011b\u0159\u00ed p\u0159edev\u0161\u00edm vytrvalost z\u00e1vodn\u00edk\u016f.<\/p><\/div>\t\t\t\t\t\t\t\t<\/div>\n\t\t\t\t<\/div>\n\t\t\t\t<div class=\"elementor-element elementor-element-02e31ba elementor-widget elementor-widget-text-editor\" data-id=\"02e31ba\" data-element_type=\"widget\" data-e-type=\"widget\" data-widget_type=\"text-editor.default\">\n\t\t\t\t<div class=\"elementor-widget-container\">\n\t\t\t\t\t\t\t\t\t<p>V\u00fdsledky ZDE<\/p>\t\t\t\t\t\t\t\t<\/div>\n\t\t\t\t<\/div>\n\t\t\t\t\t<\/div>\n\t\t<\/div>\n\t\t\t\t<div class=\"elementor-column elementor-col-50 elementor-top-column elementor-element elementor-element-20f5c56\" data-id=\"20f5c56\" data-element_type=\"column\" data-e-type=\"column\">\n\t\t\t<div class=\"elementor-widget-wrap elementor-element-populated\">\n\t\t\t\t\t\t<div class=\"elementor-element elementor-element-ab6775c elementor-widget elementor-widget-image-gallery\" data-id=\"ab6775c\" data-element_type=\"widget\" data-e-type=\"widget\" data-widget_type=\"image-gallery.default\">\n\t\t\t\t<div class=\"elementor-widget-container\">\n\t\t\t\t\t\t\t<div class=\"elementor-image-gallery\">\n\t\t\t<div id='gallery-1' class='gallery galleryid-3058 gallery-columns-4 gallery-size-thumbnail'><figure class='gallery-item'>\n\t\t\t<div class='gallery-icon portrait'>\n\t\t\t\t<a data-elementor-open-lightbox=\"yes\" data-elementor-lightbox-slideshow=\"ab6775c\" data-elementor-lightbox-title=\"01c8b49b-e5d0-43d3-8578-49d11b4f6e71 copy\" data-e-action-hash=\"#elementor-action%3Aaction%3Dlightbox%26settings%3DeyJpZCI6MzA2MCwidXJsIjoiaHR0cDpcL1wvc2FpbGluZy1wYWxhdmEuY29tXC93cC1jb250ZW50XC91cGxvYWRzXC8yMDIyXC8wOVwvMDFjOGI0OWItZTVkMC00M2QzLTg1NzgtNDlkMTFiNGY2ZTcxLWNvcHkuanBnIiwic2xpZGVzaG93IjoiYWI2Nzc1YyJ9\" href='http:\/\/sailing-palava.com\/wp-content\/uploads\/2022\/09\/01c8b49b-e5d0-43d3-8578-49d11b4f6e71-copy.jpg'><img decoding=\"async\" width=\"150\" height=\"150\" src=\"http:\/\/sailing-palava.com\/wp-content\/uploads\/2022\/09\/01c8b49b-e5d0-43d3-8578-49d11b4f6e71-copy-150x150.jpg\" class=\"attachment-thumbnail size-thumbnail\" alt=\"\" srcset=\"http:\/\/sailing-palava.com\/wp-content\/uploads\/2022\/09\/01c8b49b-e5d0-43d3-8578-49d11b4f6e71-copy-150x150.jpg 150w, http:\/\/sailing-palava.com\/wp-content\/uploads\/2022\/09\/01c8b49b-e5d0-43d3-8578-49d11b4f6e71-copy-500x500.jpg 500w\" sizes=\"(max-width: 150px) 100vw, 150px\" \/><\/a>\n\t\t\t<\/div><\/figure><figure class='gallery-item'>\n\t\t\t<div class='gallery-icon landscape'>\n\t\t\t\t<a data-elementor-open-lightbox=\"yes\" data-elementor-lightbox-slideshow=\"ab6775c\" data-elementor-lightbox-title=\"1b2742c0-2d23-42fc-8082-df0026843913 copy\" data-e-action-hash=\"#elementor-action%3Aaction%3Dlightbox%26settings%3DeyJpZCI6MzA2MSwidXJsIjoiaHR0cDpcL1wvc2FpbGluZy1wYWxhdmEuY29tXC93cC1jb250ZW50XC91cGxvYWRzXC8yMDIyXC8wOVwvMWIyNzQyYzAtMmQyMy00MmZjLTgwODItZGYwMDI2ODQzOTEzLWNvcHkuanBnIiwic2xpZGVzaG93IjoiYWI2Nzc1YyJ9\" href='http:\/\/sailing-palava.com\/wp-content\/uploads\/2022\/09\/1b2742c0-2d23-42fc-8082-df0026843913-copy.jpg'><img decoding=\"async\" width=\"150\" height=\"150\" src=\"http:\/\/sailing-palava.com\/wp-content\/uploads\/2022\/09\/1b2742c0-2d23-42fc-8082-df0026843913-copy-150x150.jpg\" class=\"attachment-thumbnail size-thumbnail\" alt=\"\" srcset=\"http:\/\/sailing-palava.com\/wp-content\/uploads\/2022\/09\/1b2742c0-2d23-42fc-8082-df0026843913-copy-150x150.jpg 150w, http:\/\/sailing-palava.com\/wp-content\/uploads\/2022\/09\/1b2742c0-2d23-42fc-8082-df0026843913-copy-500x500.jpg 500w\" sizes=\"(max-width: 150px) 100vw, 150px\" \/><\/a>\n\t\t\t<\/div><\/figure><figure class='gallery-item'>\n\t\t\t<div class='gallery-icon portrait'>\n\t\t\t\t<a data-elementor-open-lightbox=\"yes\" data-elementor-lightbox-slideshow=\"ab6775c\" data-elementor-lightbox-title=\"1bd4436b-cc47-49de-a9dc-3687f4812b63 copy\" data-e-action-hash=\"#elementor-action%3Aaction%3Dlightbox%26settings%3DeyJpZCI6MzA2MiwidXJsIjoiaHR0cDpcL1wvc2FpbGluZy1wYWxhdmEuY29tXC93cC1jb250ZW50XC91cGxvYWRzXC8yMDIyXC8wOVwvMWJkNDQzNmItY2M0Ny00OWRlLWE5ZGMtMzY4N2Y0ODEyYjYzLWNvcHkuanBnIiwic2xpZGVzaG93IjoiYWI2Nzc1YyJ9\" href='http:\/\/sailing-palava.com\/wp-content\/uploads\/2022\/09\/1bd4436b-cc47-49de-a9dc-3687f4812b63-copy.jpg'><img decoding=\"async\" width=\"150\" height=\"150\" src=\"http:\/\/sailing-palava.com\/wp-content\/uploads\/2022\/09\/1bd4436b-cc47-49de-a9dc-3687f4812b63-copy-150x150.jpg\" class=\"attachment-thumbnail size-thumbnail\" alt=\"\" srcset=\"http:\/\/sailing-palava.com\/wp-content\/uploads\/2022\/09\/1bd4436b-cc47-49de-a9dc-3687f4812b63-copy-150x150.jpg 150w, http:\/\/sailing-palava.com\/wp-content\/uploads\/2022\/09\/1bd4436b-cc47-49de-a9dc-3687f4812b63-copy-500x500.jpg 500w\" sizes=\"(max-width: 150px) 100vw, 150px\" \/><\/a>\n\t\t\t<\/div><\/figure><figure class='gallery-item'>\n\t\t\t<div class='gallery-icon portrait'>\n\t\t\t\t<a data-elementor-open-lightbox=\"yes\" data-elementor-lightbox-slideshow=\"ab6775c\" data-elementor-lightbox-title=\"25a409be-bc20-4111-97f6-c83996fae618 copy\" data-e-action-hash=\"#elementor-action%3Aaction%3Dlightbox%26settings%3DeyJpZCI6MzA2MywidXJsIjoiaHR0cDpcL1wvc2FpbGluZy1wYWxhdmEuY29tXC93cC1jb250ZW50XC91cGxvYWRzXC8yMDIyXC8wOVwvMjVhNDA5YmUtYmMyMC00MTExLTk3ZjYtYzgzOTk2ZmFlNjE4LWNvcHkuanBnIiwic2xpZGVzaG93IjoiYWI2Nzc1YyJ9\" href='http:\/\/sailing-palava.com\/wp-content\/uploads\/2022\/09\/25a409be-bc20-4111-97f6-c83996fae618-copy.jpg'><img loading=\"lazy\" decoding=\"async\" width=\"150\" height=\"150\" src=\"http:\/\/sailing-palava.com\/wp-content\/uploads\/2022\/09\/25a409be-bc20-4111-97f6-c83996fae618-copy-150x150.jpg\" class=\"attachment-thumbnail size-thumbnail\" alt=\"\" srcset=\"http:\/\/sailing-palava.com\/wp-content\/uploads\/2022\/09\/25a409be-bc20-4111-97f6-c83996fae618-copy-150x150.jpg 150w, http:\/\/sailing-palava.com\/wp-content\/uploads\/2022\/09\/25a409be-bc20-4111-97f6-c83996fae618-copy-500x500.jpg 500w\" sizes=\"(max-width: 150px) 100vw, 150px\" \/><\/a>\n\t\t\t<\/div><\/figure><figure class='gallery-item'>\n\t\t\t<div class='gallery-icon landscape'>\n\t\t\t\t<a data-elementor-open-lightbox=\"yes\" data-elementor-lightbox-slideshow=\"ab6775c\" data-elementor-lightbox-title=\"32c7a439-e021-4607-8979-38da3ba23d49 copy\" data-e-action-hash=\"#elementor-action%3Aaction%3Dlightbox%26settings%3DeyJpZCI6MzA2NCwidXJsIjoiaHR0cDpcL1wvc2FpbGluZy1wYWxhdmEuY29tXC93cC1jb250ZW50XC91cGxvYWRzXC8yMDIyXC8wOVwvMzJjN2E0MzktZTAyMS00NjA3LTg5NzktMzhkYTNiYTIzZDQ5LWNvcHkuanBnIiwic2xpZGVzaG93IjoiYWI2Nzc1YyJ9\" href='http:\/\/sailing-palava.com\/wp-content\/uploads\/2022\/09\/32c7a439-e021-4607-8979-38da3ba23d49-copy.jpg'><img loading=\"lazy\" decoding=\"async\" width=\"150\" height=\"150\" src=\"http:\/\/sailing-palava.com\/wp-content\/uploads\/2022\/09\/32c7a439-e021-4607-8979-38da3ba23d49-copy-150x150.jpg\" class=\"attachment-thumbnail size-thumbnail\" alt=\"\" srcset=\"http:\/\/sailing-palava.com\/wp-content\/uploads\/2022\/09\/32c7a439-e021-4607-8979-38da3ba23d49-copy-150x150.jpg 150w, http:\/\/sailing-palava.com\/wp-content\/uploads\/2022\/09\/32c7a439-e021-4607-8979-38da3ba23d49-copy-500x500.jpg 500w\" sizes=\"(max-width: 150px) 100vw, 150px\" \/><\/a>\n\t\t\t<\/div><\/figure><figure class='gallery-item'>\n\t\t\t<div class='gallery-icon portrait'>\n\t\t\t\t<a data-elementor-open-lightbox=\"yes\" data-elementor-lightbox-slideshow=\"ab6775c\" data-elementor-lightbox-title=\"66be4459-740c-4cb7-8a52-c89506c45858 copy\" data-e-action-hash=\"#elementor-action%3Aaction%3Dlightbox%26settings%3DeyJpZCI6MzA2NSwidXJsIjoiaHR0cDpcL1wvc2FpbGluZy1wYWxhdmEuY29tXC93cC1jb250ZW50XC91cGxvYWRzXC8yMDIyXC8wOVwvNjZiZTQ0NTktNzQwYy00Y2I3LThhNTItYzg5NTA2YzQ1ODU4LWNvcHkuanBnIiwic2xpZGVzaG93IjoiYWI2Nzc1YyJ9\" href='http:\/\/sailing-palava.com\/wp-content\/uploads\/2022\/09\/66be4459-740c-4cb7-8a52-c89506c45858-copy.jpg'><img loading=\"lazy\" decoding=\"async\" width=\"150\" height=\"150\" src=\"http:\/\/sailing-palava.com\/wp-content\/uploads\/2022\/09\/66be4459-740c-4cb7-8a52-c89506c45858-copy-150x150.jpg\" class=\"attachment-thumbnail size-thumbnail\" alt=\"\" srcset=\"http:\/\/sailing-palava.com\/wp-content\/uploads\/2022\/09\/66be4459-740c-4cb7-8a52-c89506c45858-copy-150x150.jpg 150w, http:\/\/sailing-palava.com\/wp-content\/uploads\/2022\/09\/66be4459-740c-4cb7-8a52-c89506c45858-copy-500x500.jpg 500w\" sizes=\"(max-width: 150px) 100vw, 150px\" \/><\/a>\n\t\t\t<\/div><\/figure>\n\t\t<\/div>\n\t\t<\/div>\n\t\t\t\t\t\t<\/div>\n\t\t\t\t<\/div>\n\t\t\t\t\t<\/div>\n\t\t<\/div>\n\t\t\t\t\t<\/div>\n\t\t<\/section>\n\t\t\t\t<\/div>\n\t\t","protected":false},"excerpt":{"rendered":"<p>\u0158ecko: Nafpaktos V term\u00ednu 26.9. &#8211; 2.10.2022 prob\u011bhne Mistrostv\u00ed Evropy v lodn\u00ed t\u0159\u00edd\u011b Formula Kite v \u0159eck\u00e9m Nafpaktosu. Je registrov\u00e1no 138 z\u00e1vodn\u00edk\u016f z 39 zem\u00ed, 90 mu\u017e\u016f a 48 \u017een. Sjeli se z\u00e1vodn\u00edci sv\u011btov\u00e9 \u0161pi\u010dky ale taky nov\u00e9 tv\u00e1\u0159e z cel\u00e9ho sv\u011bta. N\u011bkter\u00e9 n\u00e1rodn\u00ed t\u00fdmy dorazily s p\u0159edstihem ve v\u011bt\u0161\u00edm po\u010dtu, ne\u017e stanovuje limit z\u00e1vodn\u00edk\u016f&hellip;<\/p>\n","protected":false},"author":1,"featured_media":3061,"parent":0,"menu_order":0,"comment_status":"closed","ping_status":"closed","template":"","meta":{"footnotes":""},"class_list":["post-3058","page","type-page","status-publish","has-post-thumbnail","hentry"],"_links":{"self":[{"href":"http:\/\/sailing-palava.com\/index.php?rest_route=\/wp\/v2\/pages\/3058","targetHints":{"allow":["GET"]}}],"collection":[{"href":"http:\/\/sailing-palava.com\/index.php?rest_route=\/wp\/v2\/pages"}],"about":[{"href":"http:\/\/sailing-palava.com\/index.php?rest_route=\/wp\/v2\/types\/page"}],"author":[{"embeddable":true,"href":"http:\/\/sailing-palava.com\/index.php?rest_route=\/wp\/v2\/users\/1"}],"replies":[{"embeddable":true,"href":"http:\/\/sailing-palava.com\/index.php?rest_route=%2Fwp%2Fv2%2Fcomments&post=3058"}],"version-history":[{"count":4,"href":"http:\/\/sailing-palava.com\/index.php?rest_route=\/wp\/v2\/pages\/3058\/revisions"}],"predecessor-version":[{"id":3187,"href":"http:\/\/sailing-palava.com\/index.php?rest_route=\/wp\/v2\/pages\/3058\/revisions\/3187"}],"wp:featuredmedia":[{"embeddable":true,"href":"http:\/\/sailing-palava.com\/index.php?rest_route=\/wp\/v2\/media\/3061"}],"wp:attachment":[{"href":"http:\/\/sailing-palava.com\/index.php?rest_route=%2Fwp%2Fv2%2Fmedia&parent=3058"}],"curies":[{"name":"wp","href":"https:\/\/api.w.org\/{rel}","templated":true}]}}