{"id":3192,"date":"2023-04-24T14:54:57","date_gmt":"2023-04-24T12:54:57","guid":{"rendered":"http:\/\/sailing-palava.com\/?page_id=3192"},"modified":"2023-04-24T15:04:11","modified_gmt":"2023-04-24T13:04:11","slug":"spanelsko-2023-malorka","status":"publish","type":"page","link":"http:\/\/sailing-palava.com\/?page_id=3192","title":{"rendered":"\u0160pan\u011blsko 2023 &#8211; Malorka"},"content":{"rendered":"\t\t<div data-elementor-type=\"wp-page\" data-elementor-id=\"3192\" class=\"elementor elementor-3192\">\n\t\t\t\t\t\t<section class=\"elementor-section elementor-top-section elementor-element elementor-element-26c9bb5 elementor-section-boxed elementor-section-height-default elementor-section-height-default\" data-id=\"26c9bb5\" data-element_type=\"section\" data-e-type=\"section\">\n\t\t\t\t\t\t<div class=\"elementor-container elementor-column-gap-default\">\n\t\t\t\t\t<div class=\"elementor-column elementor-col-50 elementor-top-column elementor-element elementor-element-ad41094\" data-id=\"ad41094\" data-element_type=\"column\" data-e-type=\"column\">\n\t\t\t<div class=\"elementor-widget-wrap elementor-element-populated\">\n\t\t\t\t\t\t<div class=\"elementor-element elementor-element-54cea8a elementor-widget elementor-widget-text-editor\" data-id=\"54cea8a\" data-element_type=\"widget\" data-e-type=\"widget\" data-widget_type=\"text-editor.default\">\n\t\t\t\t<div class=\"elementor-widget-container\">\n\t\t\t\t\t\t\t\t\t<div dir=\"auto\" style=\"font-family: inherit; animation-name: none!important; transition-property: none!important;\"><p class=\"-wm-MsoNormal\" style=\"margin-bottom: 0cm; line-height: normal; background-image: initial; background-position: initial; background-size: initial; background-repeat: initial; background-attachment: initial; background-origin: initial; background-clip: initial;\"><b><span style=\"font-size: 12pt; font-family: 'Arial',sans-serif; mso-fareast-font-family: 'Times New Roman'; color: #003399; mso-fareast-language: CS;\">\u0160pan\u011blsko:\u00a0<\/span><\/b><span style=\"font-size: 12pt; font-family: 'Arial',sans-serif; mso-fareast-font-family: 'Times New Roman'; color: #003399; mso-fareast-language: CS;\">Malorka<\/span><\/p><p class=\"-wm-MsoNormal\"><span style=\"font-size: 12pt; line-height: 107%; font-family: 'Arial',sans-serif; mso-fareast-font-family: 'Times New Roman'; color: #003399; mso-fareast-language: CS;\">31.3. &#8211; 8.4.2023<\/span><\/p><p>Koncem b\u0159ezna se letos poprv\u00e9 poda\u0159ilo sej\u00edt t\u00fdmu TJ Sailing P\u00e1lava ke spole\u010dn\u00fdm tr\u00e9nink\u016fm a z\u00e1vod\u016fm na Mallorce. Leto\u0161n\u00ed Mallorca se vyvedla o v\u00fdrazn\u011b l\u00e9pe ne\u017e lo\u0148sk\u00e1, t\u00e9m\u011b\u0159 celou dobu fungovala p\u0159\u00edjemn\u00e1 odpoledn\u00ed br\u00edza od jihoz\u00e1padu a de\u0161\u0165\u016f bylo minim\u00e1ln\u011b.<\/p><p>\u00a0V\u00a0prvn\u00ed t\u00fddnu se na\u0161i z\u00e1vodnici Vojta Ko\u0161ka, Monika \u017di\u017elavsk\u00e1 a Dominika Braunov\u00e1 z\u00fa\u010dastnili sp\u00ed\u0161e je\u0161t\u011b tr\u00e9ninkov\u011b z\u00e1vod\u016f \u0161pan\u011blsk\u00e9 formula kite ligy \u2013 Cutty Sark. Zde jezd\u00ed kluci i holky dohromady. Vojtovi se poda\u0159ilo vybojovat 15. m\u00edsto, Monice 66. a Dom\u010di 67.m\u00edsto, z\u00a0celkov\u00e9ho po\u010dtu 77 z\u00e1vodn\u00edk\u016f.<\/p><p>O t\u00fdden a kousek pozd\u011bji, tedy za\u010d\u00e1tkem dubna, ji\u017e na\u0161i z\u00e1vodn\u00edci nastoupili na prvn\u00ed leto\u0161n\u00ed z\u00e1vody sv\u011btov\u00e9ho poh\u00e1ru \u2013 52.ro\u010dn\u00edl z\u00e1vodu Trofeo S.A.R. Princezny Sofie. Prvn\u00ed dva dny byla ve znamen\u00ed rozza\u0159ovac\u00edch rozj\u00ed\u017ed\u011bk, ve kter\u00fdch se velice dob\u0159e vedlo Vojtovi. Vojta nakonec vylo\u017een\u011b o prsa, tedy jeden bod, nepostoupil do zlat\u00e9ho fleetu. Posledn\u00ed den si patrn\u011b ji\u017e vy\u010derpal pat\u0159i\u010dn\u00fd zbytek z\u00e1vodn\u00edho \u0161t\u011bst\u00ed a malinko se propadl. P\u0159esto dojel na vynikaj\u00edc\u00edm 34 m\u00edst\u011b, v\u00a0celosv\u011btov\u00e9 konkurenci. Jeho \u010desk\u00fd rival Jindra Hou\u0161t\u011bk dojel na 92.m\u00edst\u011b. Celkem se z\u00e1vodu \u00fa\u010dastnilo 115 mu\u017e\u016f a chlapc\u016f.<\/p><p>Dominika jela po celou dobu na sv\u00e9 optim\u00e1ln\u00ed vln\u011b, jen s\u00a0men\u0161\u00edmi za\u0161kobrtnut\u00edmi. Celkov\u011b si pak vyjela v\u00a0\u017eensk\u00e9 kategorii 43.m\u00edsto a p\u0159ipsala si d\u016fle\u017eit\u00fd bod pro nominaci na leto\u0161n\u00ed mistrostv\u00ed sv\u011bta v\u00a0Haagu. Monika si na za\u010d\u00e1tku vybrala pat\u0159i\u010dn\u00fd bal\u00ed\u010dek sm\u016fly, a tak se n\u00e1sleduj\u00edc\u00ed dny musela \u0161plhat z\u00a0posledn\u00ed, tedy 53. pozice. Nakonec skon\u010dila v\u00a0z\u00e1v\u011bsu za Dominikou, na 45. m\u00edst\u011b.<\/p><p>Celkov\u011b se n\u00e1m tedy leto\u0161n\u00ed Mallorka 2023 vyda\u0159ila, te\u010f nech\u00e1me na\u0161e z\u00e1vodn\u00edky nabrat s\u00edly a t\u011b\u0161it se na dal\u0161\u00ed z\u00e1vody, kter\u00e9 startuj\u00ed ji\u017e 24.4. ve Francii, Hyeres.<\/p><\/div>\t\t\t\t\t\t\t\t<\/div>\n\t\t\t\t<\/div>\n\t\t\t\t<div class=\"elementor-element elementor-element-02e31ba elementor-widget elementor-widget-text-editor\" data-id=\"02e31ba\" data-element_type=\"widget\" data-e-type=\"widget\" data-widget_type=\"text-editor.default\">\n\t\t\t\t<div class=\"elementor-widget-container\">\n\t\t\t\t\t\t\t\t\t<p>V\u00fdsledky Cutty Sark &#8211; \u0160pan\u011blsk\u00e1 liga :<\/p>\n<div><a href=\"http:\/\/formulakitespain.sailti.com\/en\/default\/races\/race-resultsall\/text\/fkss-23-mallorca-en\">http:\/\/formulakitespain.sailti.com\/en\/default\/races\/race-resultsall\/text\/fkss-23-mallorca-en<\/a><\/div>\n<div>&nbsp;<\/div>\n<div>&nbsp;<span style=\"color: var( --e-global-color-text ); font-family: var( --e-global-typography-text-font-family ), Sans-serif; font-weight: var( --e-global-typography-text-font-weight );\">V\u00fdsledky Trofeo Mallorca&nbsp;<\/span><\/div><div><a href=\"https:\/\/www.trofeoprincesasofia.org\/en\/default\/races\/race-resultsall\">https:\/\/www.trofeoprincesasofia.org\/en\/default\/races\/race-resultsall<\/a><\/div>\t\t\t\t\t\t\t\t<\/div>\n\t\t\t\t<\/div>\n\t\t\t\t\t<\/div>\n\t\t<\/div>\n\t\t\t\t<div class=\"elementor-column elementor-col-50 elementor-top-column elementor-element elementor-element-20f5c56\" data-id=\"20f5c56\" data-element_type=\"column\" data-e-type=\"column\">\n\t\t\t<div class=\"elementor-widget-wrap elementor-element-populated\">\n\t\t\t\t\t\t<div class=\"elementor-element elementor-element-ab6775c elementor-widget elementor-widget-image-gallery\" data-id=\"ab6775c\" data-element_type=\"widget\" data-e-type=\"widget\" data-widget_type=\"image-gallery.default\">\n\t\t\t\t<div class=\"elementor-widget-container\">\n\t\t\t\t\t\t\t<div class=\"elementor-image-gallery\">\n\t\t\t<div id='gallery-1' class='gallery galleryid-3192 gallery-columns-4 gallery-size-thumbnail'><figure class='gallery-item'>\n\t\t\t<div class='gallery-icon portrait'>\n\t\t\t\t<a data-elementor-open-lightbox=\"yes\" data-elementor-lightbox-slideshow=\"ab6775c\" data-elementor-lightbox-title=\"0E0EBBBE-6A03-4EDE-B5B9-24F756470D59\" data-e-action-hash=\"#elementor-action%3Aaction%3Dlightbox%26settings%3DeyJpZCI6MzIwMCwidXJsIjoiaHR0cDpcL1wvc2FpbGluZy1wYWxhdmEuY29tXC93cC1jb250ZW50XC91cGxvYWRzXC8yMDIzXC8wNFwvMEUwRUJCQkUtNkEwMy00RURFLUI1QjktMjRGNzU2NDcwRDU5LmpwZWciLCJzbGlkZXNob3ciOiJhYjY3NzVjIn0%3D\" href='http:\/\/sailing-palava.com\/wp-content\/uploads\/2023\/04\/0E0EBBBE-6A03-4EDE-B5B9-24F756470D59.jpeg'><img decoding=\"async\" width=\"150\" height=\"150\" src=\"http:\/\/sailing-palava.com\/wp-content\/uploads\/2023\/04\/0E0EBBBE-6A03-4EDE-B5B9-24F756470D59-150x150.jpeg\" class=\"attachment-thumbnail size-thumbnail\" alt=\"\" \/><\/a>\n\t\t\t<\/div><\/figure><figure class='gallery-item'>\n\t\t\t<div class='gallery-icon landscape'>\n\t\t\t\t<a data-elementor-open-lightbox=\"yes\" data-elementor-lightbox-slideshow=\"ab6775c\" data-elementor-lightbox-title=\"01FE4868-6108-4ED0-BB0D-2D14ABD4D6FB\" data-e-action-hash=\"#elementor-action%3Aaction%3Dlightbox%26settings%3DeyJpZCI6MzIwMSwidXJsIjoiaHR0cDpcL1wvc2FpbGluZy1wYWxhdmEuY29tXC93cC1jb250ZW50XC91cGxvYWRzXC8yMDIzXC8wNFwvMDFGRTQ4NjgtNjEwOC00RUQwLUJCMEQtMkQxNEFCRDRENkZCLmpwZWciLCJzbGlkZXNob3ciOiJhYjY3NzVjIn0%3D\" href='http:\/\/sailing-palava.com\/wp-content\/uploads\/2023\/04\/01FE4868-6108-4ED0-BB0D-2D14ABD4D6FB.jpeg'><img decoding=\"async\" width=\"150\" height=\"150\" src=\"http:\/\/sailing-palava.com\/wp-content\/uploads\/2023\/04\/01FE4868-6108-4ED0-BB0D-2D14ABD4D6FB-150x150.jpeg\" class=\"attachment-thumbnail size-thumbnail\" alt=\"\" \/><\/a>\n\t\t\t<\/div><\/figure><figure class='gallery-item'>\n\t\t\t<div class='gallery-icon portrait'>\n\t\t\t\t<a data-elementor-open-lightbox=\"yes\" data-elementor-lightbox-slideshow=\"ab6775c\" data-elementor-lightbox-title=\"7A3F86C0-1669-41FC-8C58-94A12DC82A6F\" data-e-action-hash=\"#elementor-action%3Aaction%3Dlightbox%26settings%3DeyJpZCI6MzIwMiwidXJsIjoiaHR0cDpcL1wvc2FpbGluZy1wYWxhdmEuY29tXC93cC1jb250ZW50XC91cGxvYWRzXC8yMDIzXC8wNFwvN0EzRjg2QzAtMTY2OS00MUZDLThDNTgtOTRBMTJEQzgyQTZGLmpwZWciLCJzbGlkZXNob3ciOiJhYjY3NzVjIn0%3D\" href='http:\/\/sailing-palava.com\/wp-content\/uploads\/2023\/04\/7A3F86C0-1669-41FC-8C58-94A12DC82A6F.jpeg'><img decoding=\"async\" width=\"150\" height=\"150\" src=\"http:\/\/sailing-palava.com\/wp-content\/uploads\/2023\/04\/7A3F86C0-1669-41FC-8C58-94A12DC82A6F-150x150.jpeg\" class=\"attachment-thumbnail size-thumbnail\" alt=\"\" srcset=\"http:\/\/sailing-palava.com\/wp-content\/uploads\/2023\/04\/7A3F86C0-1669-41FC-8C58-94A12DC82A6F-150x150.jpeg 150w, http:\/\/sailing-palava.com\/wp-content\/uploads\/2023\/04\/7A3F86C0-1669-41FC-8C58-94A12DC82A6F-500x500.jpeg 500w\" sizes=\"(max-width: 150px) 100vw, 150px\" \/><\/a>\n\t\t\t<\/div><\/figure><figure class='gallery-item'>\n\t\t\t<div class='gallery-icon landscape'>\n\t\t\t\t<a data-elementor-open-lightbox=\"yes\" data-elementor-lightbox-slideshow=\"ab6775c\" data-elementor-lightbox-title=\"63FB9787-ABDE-4192-878C-8B5BBCC00F23\" data-e-action-hash=\"#elementor-action%3Aaction%3Dlightbox%26settings%3DeyJpZCI6MzIwMywidXJsIjoiaHR0cDpcL1wvc2FpbGluZy1wYWxhdmEuY29tXC93cC1jb250ZW50XC91cGxvYWRzXC8yMDIzXC8wNFwvNjNGQjk3ODctQUJERS00MTkyLTg3OEMtOEI1QkJDQzAwRjIzLmpwZWciLCJzbGlkZXNob3ciOiJhYjY3NzVjIn0%3D\" href='http:\/\/sailing-palava.com\/wp-content\/uploads\/2023\/04\/63FB9787-ABDE-4192-878C-8B5BBCC00F23.jpeg'><img loading=\"lazy\" decoding=\"async\" width=\"150\" height=\"150\" src=\"http:\/\/sailing-palava.com\/wp-content\/uploads\/2023\/04\/63FB9787-ABDE-4192-878C-8B5BBCC00F23-150x150.jpeg\" class=\"attachment-thumbnail size-thumbnail\" alt=\"\" srcset=\"http:\/\/sailing-palava.com\/wp-content\/uploads\/2023\/04\/63FB9787-ABDE-4192-878C-8B5BBCC00F23-150x150.jpeg 150w, http:\/\/sailing-palava.com\/wp-content\/uploads\/2023\/04\/63FB9787-ABDE-4192-878C-8B5BBCC00F23-500x500.jpeg 500w\" sizes=\"(max-width: 150px) 100vw, 150px\" \/><\/a>\n\t\t\t<\/div><\/figure><figure class='gallery-item'>\n\t\t\t<div class='gallery-icon landscape'>\n\t\t\t\t<a data-elementor-open-lightbox=\"yes\" data-elementor-lightbox-slideshow=\"ab6775c\" data-elementor-lightbox-title=\"369A76A0-01DC-43AF-8B2A-88930C4DB9E2\" data-e-action-hash=\"#elementor-action%3Aaction%3Dlightbox%26settings%3DeyJpZCI6MzIwNCwidXJsIjoiaHR0cDpcL1wvc2FpbGluZy1wYWxhdmEuY29tXC93cC1jb250ZW50XC91cGxvYWRzXC8yMDIzXC8wNFwvMzY5QTc2QTAtMDFEQy00M0FGLThCMkEtODg5MzBDNERCOUUyLmpwZWciLCJzbGlkZXNob3ciOiJhYjY3NzVjIn0%3D\" href='http:\/\/sailing-palava.com\/wp-content\/uploads\/2023\/04\/369A76A0-01DC-43AF-8B2A-88930C4DB9E2.jpeg'><img loading=\"lazy\" decoding=\"async\" width=\"150\" height=\"150\" src=\"http:\/\/sailing-palava.com\/wp-content\/uploads\/2023\/04\/369A76A0-01DC-43AF-8B2A-88930C4DB9E2-150x150.jpeg\" class=\"attachment-thumbnail size-thumbnail\" alt=\"\" \/><\/a>\n\t\t\t<\/div><\/figure><figure class='gallery-item'>\n\t\t\t<div class='gallery-icon landscape'>\n\t\t\t\t<a data-elementor-open-lightbox=\"yes\" data-elementor-lightbox-slideshow=\"ab6775c\" data-elementor-lightbox-title=\"791C9695-072D-420A-9A46-B77D6DFE95AD\" data-e-action-hash=\"#elementor-action%3Aaction%3Dlightbox%26settings%3DeyJpZCI6MzIwNSwidXJsIjoiaHR0cDpcL1wvc2FpbGluZy1wYWxhdmEuY29tXC93cC1jb250ZW50XC91cGxvYWRzXC8yMDIzXC8wNFwvNzkxQzk2OTUtMDcyRC00MjBBLTlBNDYtQjc3RDZERkU5NUFELmpwZWciLCJzbGlkZXNob3ciOiJhYjY3NzVjIn0%3D\" href='http:\/\/sailing-palava.com\/wp-content\/uploads\/2023\/04\/791C9695-072D-420A-9A46-B77D6DFE95AD.jpeg'><img loading=\"lazy\" decoding=\"async\" width=\"150\" height=\"150\" src=\"http:\/\/sailing-palava.com\/wp-content\/uploads\/2023\/04\/791C9695-072D-420A-9A46-B77D6DFE95AD-150x150.jpeg\" class=\"attachment-thumbnail size-thumbnail\" alt=\"\" \/><\/a>\n\t\t\t<\/div><\/figure><figure class='gallery-item'>\n\t\t\t<div class='gallery-icon landscape'>\n\t\t\t\t<a data-elementor-open-lightbox=\"yes\" data-elementor-lightbox-slideshow=\"ab6775c\" data-elementor-lightbox-title=\"1205F044-018A-4F3C-B834-1CC67AE29ACD\" data-e-action-hash=\"#elementor-action%3Aaction%3Dlightbox%26settings%3DeyJpZCI6MzIwNiwidXJsIjoiaHR0cDpcL1wvc2FpbGluZy1wYWxhdmEuY29tXC93cC1jb250ZW50XC91cGxvYWRzXC8yMDIzXC8wNFwvMTIwNUYwNDQtMDE4QS00RjNDLUI4MzQtMUNDNjdBRTI5QUNELmpwZWciLCJzbGlkZXNob3ciOiJhYjY3NzVjIn0%3D\" href='http:\/\/sailing-palava.com\/wp-content\/uploads\/2023\/04\/1205F044-018A-4F3C-B834-1CC67AE29ACD.jpeg'><img loading=\"lazy\" decoding=\"async\" width=\"150\" height=\"150\" src=\"http:\/\/sailing-palava.com\/wp-content\/uploads\/2023\/04\/1205F044-018A-4F3C-B834-1CC67AE29ACD-150x150.jpeg\" class=\"attachment-thumbnail size-thumbnail\" alt=\"\" srcset=\"http:\/\/sailing-palava.com\/wp-content\/uploads\/2023\/04\/1205F044-018A-4F3C-B834-1CC67AE29ACD-150x150.jpeg 150w, http:\/\/sailing-palava.com\/wp-content\/uploads\/2023\/04\/1205F044-018A-4F3C-B834-1CC67AE29ACD-500x500.jpeg 500w\" sizes=\"(max-width: 150px) 100vw, 150px\" \/><\/a>\n\t\t\t<\/div><\/figure><figure class='gallery-item'>\n\t\t\t<div class='gallery-icon landscape'>\n\t\t\t\t<a data-elementor-open-lightbox=\"yes\" data-elementor-lightbox-slideshow=\"ab6775c\" data-elementor-lightbox-title=\"0865269B-4FE6-4067-94A5-189CB6D22A8D\" data-e-action-hash=\"#elementor-action%3Aaction%3Dlightbox%26settings%3DeyJpZCI6MzIwNywidXJsIjoiaHR0cDpcL1wvc2FpbGluZy1wYWxhdmEuY29tXC93cC1jb250ZW50XC91cGxvYWRzXC8yMDIzXC8wNFwvMDg2NTI2OUItNEZFNi00MDY3LTk0QTUtMTg5Q0I2RDIyQThELmpwZWciLCJzbGlkZXNob3ciOiJhYjY3NzVjIn0%3D\" href='http:\/\/sailing-palava.com\/wp-content\/uploads\/2023\/04\/0865269B-4FE6-4067-94A5-189CB6D22A8D.jpeg'><img loading=\"lazy\" decoding=\"async\" width=\"150\" height=\"150\" src=\"http:\/\/sailing-palava.com\/wp-content\/uploads\/2023\/04\/0865269B-4FE6-4067-94A5-189CB6D22A8D-150x150.jpeg\" class=\"attachment-thumbnail size-thumbnail\" alt=\"\" \/><\/a>\n\t\t\t<\/div><\/figure><figure class='gallery-item'>\n\t\t\t<div class='gallery-icon landscape'>\n\t\t\t\t<a data-elementor-open-lightbox=\"yes\" data-elementor-lightbox-slideshow=\"ab6775c\" data-elementor-lightbox-title=\"2023 FKSS Mallorca\" data-e-action-hash=\"#elementor-action%3Aaction%3Dlightbox%26settings%3DeyJpZCI6MzIwOCwidXJsIjoiaHR0cDpcL1wvc2FpbGluZy1wYWxhdmEuY29tXC93cC1jb250ZW50XC91cGxvYWRzXC8yMDIzXC8wNFwvQTAzRTRCREEtMjk0Qy00QjUzLTg0RUMtQ0VCNTcyRTMzNzU0LmpwZWciLCJzbGlkZXNob3ciOiJhYjY3NzVjIn0%3D\" href='http:\/\/sailing-palava.com\/wp-content\/uploads\/2023\/04\/A03E4BDA-294C-4B53-84EC-CEB572E33754.jpeg'><img loading=\"lazy\" decoding=\"async\" width=\"150\" height=\"150\" src=\"http:\/\/sailing-palava.com\/wp-content\/uploads\/2023\/04\/A03E4BDA-294C-4B53-84EC-CEB572E33754-150x150.jpeg\" class=\"attachment-thumbnail size-thumbnail\" alt=\"\" srcset=\"http:\/\/sailing-palava.com\/wp-content\/uploads\/2023\/04\/A03E4BDA-294C-4B53-84EC-CEB572E33754-150x150.jpeg 150w, http:\/\/sailing-palava.com\/wp-content\/uploads\/2023\/04\/A03E4BDA-294C-4B53-84EC-CEB572E33754-500x500.jpeg 500w\" sizes=\"(max-width: 150px) 100vw, 150px\" \/><\/a>\n\t\t\t<\/div><\/figure><figure class='gallery-item'>\n\t\t\t<div class='gallery-icon landscape'>\n\t\t\t\t<a data-elementor-open-lightbox=\"yes\" data-elementor-lightbox-slideshow=\"ab6775c\" data-elementor-lightbox-title=\"A7C20EEE-651F-4E06-B5EB-F92284533867\" data-e-action-hash=\"#elementor-action%3Aaction%3Dlightbox%26settings%3DeyJpZCI6MzIwOSwidXJsIjoiaHR0cDpcL1wvc2FpbGluZy1wYWxhdmEuY29tXC93cC1jb250ZW50XC91cGxvYWRzXC8yMDIzXC8wNFwvQTdDMjBFRUUtNjUxRi00RTA2LUI1RUItRjkyMjg0NTMzODY3LmpwZWciLCJzbGlkZXNob3ciOiJhYjY3NzVjIn0%3D\" href='http:\/\/sailing-palava.com\/wp-content\/uploads\/2023\/04\/A7C20EEE-651F-4E06-B5EB-F92284533867.jpeg'><img loading=\"lazy\" decoding=\"async\" width=\"150\" height=\"150\" src=\"http:\/\/sailing-palava.com\/wp-content\/uploads\/2023\/04\/A7C20EEE-651F-4E06-B5EB-F92284533867-150x150.jpeg\" class=\"attachment-thumbnail size-thumbnail\" alt=\"\" \/><\/a>\n\t\t\t<\/div><\/figure><figure class='gallery-item'>\n\t\t\t<div class='gallery-icon landscape'>\n\t\t\t\t<a data-elementor-open-lightbox=\"yes\" data-elementor-lightbox-slideshow=\"ab6775c\" data-elementor-lightbox-title=\"2023 FKSS Mallorca\" data-e-action-hash=\"#elementor-action%3Aaction%3Dlightbox%26settings%3DeyJpZCI6MzIxMCwidXJsIjoiaHR0cDpcL1wvc2FpbGluZy1wYWxhdmEuY29tXC93cC1jb250ZW50XC91cGxvYWRzXC8yMDIzXC8wNFwvRjA0MjU0RjYtM0REQy00RjUzLUE0RUYtOUE4QjhEQUMyMTc5LmpwZWciLCJzbGlkZXNob3ciOiJhYjY3NzVjIn0%3D\" href='http:\/\/sailing-palava.com\/wp-content\/uploads\/2023\/04\/F04254F6-3DDC-4F53-A4EF-9A8B8DAC2179.jpeg'><img loading=\"lazy\" decoding=\"async\" width=\"150\" height=\"150\" src=\"http:\/\/sailing-palava.com\/wp-content\/uploads\/2023\/04\/F04254F6-3DDC-4F53-A4EF-9A8B8DAC2179-150x150.jpeg\" class=\"attachment-thumbnail size-thumbnail\" alt=\"\" srcset=\"http:\/\/sailing-palava.com\/wp-content\/uploads\/2023\/04\/F04254F6-3DDC-4F53-A4EF-9A8B8DAC2179-150x150.jpeg 150w, http:\/\/sailing-palava.com\/wp-content\/uploads\/2023\/04\/F04254F6-3DDC-4F53-A4EF-9A8B8DAC2179-500x500.jpeg 500w\" sizes=\"(max-width: 150px) 100vw, 150px\" \/><\/a>\n\t\t\t<\/div><\/figure><figure class='gallery-item'>\n\t\t\t<div class='gallery-icon portrait'>\n\t\t\t\t<a data-elementor-open-lightbox=\"yes\" data-elementor-lightbox-slideshow=\"ab6775c\" data-elementor-lightbox-title=\"FAB44D31-C0E4-4462-ABDB-7F4E07FA0BB7\" data-e-action-hash=\"#elementor-action%3Aaction%3Dlightbox%26settings%3DeyJpZCI6MzIxMSwidXJsIjoiaHR0cDpcL1wvc2FpbGluZy1wYWxhdmEuY29tXC93cC1jb250ZW50XC91cGxvYWRzXC8yMDIzXC8wNFwvRkFCNDREMzEtQzBFNC00NDYyLUFCREItN0Y0RTA3RkEwQkI3LXNjYWxlZC5qcGVnIiwic2xpZGVzaG93IjoiYWI2Nzc1YyJ9\" href='http:\/\/sailing-palava.com\/wp-content\/uploads\/2023\/04\/FAB44D31-C0E4-4462-ABDB-7F4E07FA0BB7-scaled.jpeg'><img loading=\"lazy\" decoding=\"async\" width=\"150\" height=\"150\" src=\"http:\/\/sailing-palava.com\/wp-content\/uploads\/2023\/04\/FAB44D31-C0E4-4462-ABDB-7F4E07FA0BB7-150x150.jpeg\" class=\"attachment-thumbnail size-thumbnail\" alt=\"\" srcset=\"http:\/\/sailing-palava.com\/wp-content\/uploads\/2023\/04\/FAB44D31-C0E4-4462-ABDB-7F4E07FA0BB7-150x150.jpeg 150w, http:\/\/sailing-palava.com\/wp-content\/uploads\/2023\/04\/FAB44D31-C0E4-4462-ABDB-7F4E07FA0BB7-500x500.jpeg 500w\" sizes=\"(max-width: 150px) 100vw, 150px\" \/><\/a>\n\t\t\t<\/div><\/figure>\n\t\t<\/div>\n\t\t<\/div>\n\t\t\t\t\t\t<\/div>\n\t\t\t\t<\/div>\n\t\t\t\t\t<\/div>\n\t\t<\/div>\n\t\t\t\t\t<\/div>\n\t\t<\/section>\n\t\t\t\t<\/div>\n\t\t","protected":false},"excerpt":{"rendered":"<p>\u0160pan\u011blsko:\u00a0Malorka 31.3. &#8211; 8.4.2023 Koncem b\u0159ezna se letos poprv\u00e9 poda\u0159ilo sej\u00edt t\u00fdmu TJ Sailing P\u00e1lava ke spole\u010dn\u00fdm tr\u00e9nink\u016fm a z\u00e1vod\u016fm na Mallorce. Leto\u0161n\u00ed Mallorca se vyvedla o v\u00fdrazn\u011b l\u00e9pe ne\u017e lo\u0148sk\u00e1, t\u00e9m\u011b\u0159 celou dobu fungovala p\u0159\u00edjemn\u00e1 odpoledn\u00ed br\u00edza od jihoz\u00e1padu a de\u0161\u0165\u016f bylo minim\u00e1ln\u011b. \u00a0V\u00a0prvn\u00ed t\u00fddnu se na\u0161i z\u00e1vodnici Vojta Ko\u0161ka, Monika \u017di\u017elavsk\u00e1 a Dominika&hellip;<\/p>\n","protected":false},"author":1,"featured_media":3203,"parent":0,"menu_order":0,"comment_status":"closed","ping_status":"closed","template":"","meta":{"footnotes":""},"class_list":["post-3192","page","type-page","status-publish","has-post-thumbnail","hentry"],"_links":{"self":[{"href":"http:\/\/sailing-palava.com\/index.php?rest_route=\/wp\/v2\/pages\/3192","targetHints":{"allow":["GET"]}}],"collection":[{"href":"http:\/\/sailing-palava.com\/index.php?rest_route=\/wp\/v2\/pages"}],"about":[{"href":"http:\/\/sailing-palava.com\/index.php?rest_route=\/wp\/v2\/types\/page"}],"author":[{"embeddable":true,"href":"http:\/\/sailing-palava.com\/index.php?rest_route=\/wp\/v2\/users\/1"}],"replies":[{"embeddable":true,"href":"http:\/\/sailing-palava.com\/index.php?rest_route=%2Fwp%2Fv2%2Fcomments&post=3192"}],"version-history":[{"count":13,"href":"http:\/\/sailing-palava.com\/index.php?rest_route=\/wp\/v2\/pages\/3192\/revisions"}],"predecessor-version":[{"id":3219,"href":"http:\/\/sailing-palava.com\/index.php?rest_route=\/wp\/v2\/pages\/3192\/revisions\/3219"}],"wp:featuredmedia":[{"embeddable":true,"href":"http:\/\/sailing-palava.com\/index.php?rest_route=\/wp\/v2\/media\/3203"}],"wp:attachment":[{"href":"http:\/\/sailing-palava.com\/index.php?rest_route=%2Fwp%2Fv2%2Fmedia&parent=3192"}],"curies":[{"name":"wp","href":"https:\/\/api.w.org\/{rel}","templated":true}]}}