{"id":3504,"date":"2025-05-22T12:48:38","date_gmt":"2025-05-22T10:48:38","guid":{"rendered":"https:\/\/sailing-palava.com\/?page_id=3504"},"modified":"2025-05-22T14:38:28","modified_gmt":"2025-05-22T12:38:28","slug":"vojtech-koska-tesne-za-medaili-na-mej","status":"publish","type":"page","link":"http:\/\/sailing-palava.com\/?page_id=3504","title":{"rendered":"Vojt\u011bch Ko\u0161ka t\u011bsn\u011b za medail\u00ed na MSJ"},"content":{"rendered":"\t\t<div data-elementor-type=\"wp-page\" data-elementor-id=\"3504\" class=\"elementor elementor-3504\">\n\t\t\t\t\t\t<section class=\"elementor-section elementor-top-section elementor-element elementor-element-26c9bb5 elementor-section-boxed elementor-section-height-default elementor-section-height-default\" data-id=\"26c9bb5\" data-element_type=\"section\" data-e-type=\"section\">\n\t\t\t\t\t\t<div class=\"elementor-container elementor-column-gap-default\">\n\t\t\t\t\t<div class=\"elementor-column elementor-col-50 elementor-top-column elementor-element elementor-element-ad41094\" data-id=\"ad41094\" data-element_type=\"column\" data-e-type=\"column\">\n\t\t\t<div class=\"elementor-widget-wrap elementor-element-populated\">\n\t\t\t\t\t\t<div class=\"elementor-element elementor-element-54cea8a elementor-widget elementor-widget-text-editor\" data-id=\"54cea8a\" data-element_type=\"widget\" data-e-type=\"widget\" data-widget_type=\"text-editor.default\">\n\t\t\t\t<div class=\"elementor-widget-container\">\n\t\t\t\t\t\t\t\t\t<div dir=\"auto\" style=\"font-family: inherit; animation-name: none!important; transition-property: none!important;\"><p class=\"-wm-MsoNormal\" style=\"margin-bottom: 0cm; line-height: normal; background-image: initial; background-position: initial; background-size: initial; background-repeat: initial; background-attachment: initial; background-origin: initial; background-clip: initial;\"><strong><span style=\"font-size: 12pt; font-family: Arial, sans-serif; color: #000080; background: whitesmoke;\">Vojt\u011bch Ko\u0161ka t\u011bsn\u011b za medail\u00ed na MSJ<\/span><\/strong><\/p><div>\u00a0<\/div><div>\u00a0<\/div><p class=\"-wm-MsoNormal\" style=\"margin-bottom: 0cm; line-height: normal; background-image: initial; background-position: initial; background-size: initial; background-repeat: initial; background-attachment: initial; background-origin: initial; background-clip: initial;\"><span style=\"font-size: 12pt; font-family: 'Arial',sans-serif; mso-fareast-font-family: 'Times New Roman'; color: #003399; mso-fareast-language: CS;\">2024 FORMULA KITE YOUTH WORLD CHAMPIONSHIPS<\/span><\/p><p class=\"-wm-MsoNormal\" style=\"margin-bottom: 0cm; line-height: normal; background-image: initial; background-position: initial; background-size: initial; background-repeat: initial; background-attachment: initial; background-origin: initial; background-clip: initial;\"><span style=\"font-size: 12pt; line-height: 107%; font-family: 'Arial',sans-serif; mso-fareast-font-family: 'Times New Roman'; color: #003399; mso-fareast-language: CS;\">1.\u20137. 7. 2024<\/span><\/p><p>\u00a0<\/p><p style=\"font-weight: 400;\">V\u00a0italsk\u00e9 Gizzerii na mistrovstv\u00ed sv\u011bta do 21 let v\u00a0olympijsk\u00e9 t\u0159\u00edd\u011b Formula Kite se <strong>Vojt\u011bch Ko\u0161ka<\/strong> probojoval a\u017e do fin\u00e1le, v\u00a0n\u011bm\u017e z\u016fstal t\u011bsn\u011b za medail\u00ed.<\/p><p style=\"font-weight: 400;\">Vojta se po cel\u00fd z\u00e1vod dr\u017eel na medailov\u00fdch pozic\u00edch. Posledn\u00ed den (7. 7. 2024) vyhr\u00e1l sv\u00e9 semifin\u00e1le. Ve \u010dty\u0159\u010dlenn\u00e9m fin\u00e1le mu chyb\u011bl kousek \u0161t\u011bst\u00ed, aby si na krk pov\u011bsil cenn\u00fd kov.<\/p><p style=\"font-weight: 400;\"><em>\u201eFin\u00e1le bylo velmi n\u00e1ro\u010dn\u00e9, foukal slab\u0161\u00ed v\u00edtr, vyhr\u00e1t mohl kdokoliv z\u00a0n\u00e1s. Soupe\u0159i byli siln\u00ed, nav\u00edc ten, co byl po z\u00e1kladn\u00ed \u010d\u00e1sti \u010dtvrt\u00fd, vyhr\u00e1l dv\u011b fin\u00e1lov\u00e9 j\u00edzdy a posunul se tak na druh\u00e9 m\u00edsto. Na medaili mi chyb\u011blo trochu \u0161t\u011bst\u00ed. Celkov\u011b jsem spokojen, podal jsem dobr\u00fd v\u00fdkon, dal jsem do toho v\u0161echno,\u201c<\/em> uvedl n\u00e1\u0161 nad\u011bjn\u00fd junior, kter\u00e9mu \u00fa\u010dast na olympi\u00e1d\u011b v\u00a0Pa\u0159\u00ed\u017ei utekla jen t\u011bsn\u011b. Ur\u010dit\u011b o n\u011bm je\u0161t\u011b usly\u0161\u00edme a za \u010dty\u0159i roky v\u00a0Los Angeles bude bojovat o olympijsk\u00e9 medaile.<\/p><p style=\"font-weight: 400;\">Mezi d\u00edvkami jsme tentokr\u00e1t zastoupen\u00ed nem\u011bli.<\/p><\/div><div dir=\"auto\" style=\"font-family: inherit; animation-name: none!important; transition-property: none!important;\"><p style=\"font-weight: 400;\"><em>Foto IKA media\/Robert Hajduk<\/em><\/p><\/div>\t\t\t\t\t\t\t\t<\/div>\n\t\t\t\t<\/div>\n\t\t\t\t<div class=\"elementor-element elementor-element-02e31ba elementor-widget elementor-widget-text-editor\" data-id=\"02e31ba\" data-element_type=\"widget\" data-e-type=\"widget\" data-widget_type=\"text-editor.default\">\n\t\t\t\t<div class=\"elementor-widget-container\">\n\t\t\t\t\t\t\t\t\t<p><a href=\"https:\/\/www.kiteclasses.org\/2024youthworlds\" target=\"_blank\" rel=\"noopener\">V\u00fdsledky ZDE<\/a><\/p>\t\t\t\t\t\t\t\t<\/div>\n\t\t\t\t<\/div>\n\t\t\t\t\t<\/div>\n\t\t<\/div>\n\t\t\t\t<div class=\"elementor-column elementor-col-50 elementor-top-column elementor-element elementor-element-20f5c56\" data-id=\"20f5c56\" data-element_type=\"column\" data-e-type=\"column\">\n\t\t\t<div class=\"elementor-widget-wrap elementor-element-populated\">\n\t\t\t\t\t\t<div class=\"elementor-element elementor-element-ab6775c elementor-widget elementor-widget-image-gallery\" data-id=\"ab6775c\" data-element_type=\"widget\" data-e-type=\"widget\" data-widget_type=\"image-gallery.default\">\n\t\t\t\t<div class=\"elementor-widget-container\">\n\t\t\t\t\t\t\t<div class=\"elementor-image-gallery\">\n\t\t\t<div id='gallery-1' class='gallery galleryid-3504 gallery-columns-1 gallery-size-medium_large'><figure class='gallery-item'>\n\t\t\t<div class='gallery-icon landscape'>\n\t\t\t\t<a data-elementor-open-lightbox=\"yes\" data-elementor-lightbox-slideshow=\"ab6775c\" data-elementor-lightbox-title=\"koska2\" data-e-action-hash=\"#elementor-action%3Aaction%3Dlightbox%26settings%3DeyJpZCI6MzUwOSwidXJsIjoiaHR0cDpcL1wvc2FpbGluZy1wYWxhdmEuY29tXC93cC1jb250ZW50XC91cGxvYWRzXC8yMDI1XC8wNVwva29za2EyLmpwZyIsInNsaWRlc2hvdyI6ImFiNjc3NWMifQ%3D%3D\" href='http:\/\/sailing-palava.com\/wp-content\/uploads\/2025\/05\/koska2.jpg'><img fetchpriority=\"high\" decoding=\"async\" width=\"640\" height=\"427\" src=\"http:\/\/sailing-palava.com\/wp-content\/uploads\/2025\/05\/koska2-768x512.jpg\" class=\"attachment-medium_large size-medium_large\" alt=\"\" srcset=\"http:\/\/sailing-palava.com\/wp-content\/uploads\/2025\/05\/koska2-768x512.jpg 768w, http:\/\/sailing-palava.com\/wp-content\/uploads\/2025\/05\/koska2-300x200.jpg 300w, http:\/\/sailing-palava.com\/wp-content\/uploads\/2025\/05\/koska2-1024x682.jpg 1024w, http:\/\/sailing-palava.com\/wp-content\/uploads\/2025\/05\/koska2-1536x1024.jpg 1536w, http:\/\/sailing-palava.com\/wp-content\/uploads\/2025\/05\/koska2.jpg 2000w\" sizes=\"(max-width: 640px) 100vw, 640px\" \/><\/a>\n\t\t\t<\/div><\/figure><figure class='gallery-item'>\n\t\t\t<div class='gallery-icon landscape'>\n\t\t\t\t<a data-elementor-open-lightbox=\"yes\" data-elementor-lightbox-slideshow=\"ab6775c\" data-elementor-lightbox-title=\"53839889780_a8e455b1c8_o\" data-e-action-hash=\"#elementor-action%3Aaction%3Dlightbox%26settings%3DeyJpZCI6MzUxMCwidXJsIjoiaHR0cDpcL1wvc2FpbGluZy1wYWxhdmEuY29tXC93cC1jb250ZW50XC91cGxvYWRzXC8yMDI1XC8wNVwvNTM4Mzk4ODk3ODBfYThlNDU1YjFjOF9vLmpwZyIsInNsaWRlc2hvdyI6ImFiNjc3NWMifQ%3D%3D\" href='http:\/\/sailing-palava.com\/wp-content\/uploads\/2025\/05\/53839889780_a8e455b1c8_o.jpg'><img decoding=\"async\" width=\"640\" height=\"345\" src=\"http:\/\/sailing-palava.com\/wp-content\/uploads\/2025\/05\/53839889780_a8e455b1c8_o-768x414.jpg\" class=\"attachment-medium_large size-medium_large\" alt=\"\" srcset=\"http:\/\/sailing-palava.com\/wp-content\/uploads\/2025\/05\/53839889780_a8e455b1c8_o-768x414.jpg 768w, http:\/\/sailing-palava.com\/wp-content\/uploads\/2025\/05\/53839889780_a8e455b1c8_o-300x162.jpg 300w, http:\/\/sailing-palava.com\/wp-content\/uploads\/2025\/05\/53839889780_a8e455b1c8_o-1024x551.jpg 1024w, http:\/\/sailing-palava.com\/wp-content\/uploads\/2025\/05\/53839889780_a8e455b1c8_o-1536x827.jpg 1536w, http:\/\/sailing-palava.com\/wp-content\/uploads\/2025\/05\/53839889780_a8e455b1c8_o.jpg 2000w\" sizes=\"(max-width: 640px) 100vw, 640px\" \/><\/a>\n\t\t\t<\/div><\/figure><figure class='gallery-item'>\n\t\t\t<div class='gallery-icon landscape'>\n\t\t\t\t<a data-elementor-open-lightbox=\"yes\" data-elementor-lightbox-slideshow=\"ab6775c\" data-elementor-lightbox-title=\"53841878145_0f90fd8d12_o\" data-e-action-hash=\"#elementor-action%3Aaction%3Dlightbox%26settings%3DeyJpZCI6MzUxMSwidXJsIjoiaHR0cDpcL1wvc2FpbGluZy1wYWxhdmEuY29tXC93cC1jb250ZW50XC91cGxvYWRzXC8yMDI1XC8wNVwvNTM4NDE4NzgxNDVfMGY5MGZkOGQxMl9vLmpwZyIsInNsaWRlc2hvdyI6ImFiNjc3NWMifQ%3D%3D\" href='http:\/\/sailing-palava.com\/wp-content\/uploads\/2025\/05\/53841878145_0f90fd8d12_o.jpg'><img decoding=\"async\" width=\"640\" height=\"393\" src=\"http:\/\/sailing-palava.com\/wp-content\/uploads\/2025\/05\/53841878145_0f90fd8d12_o-768x471.jpg\" class=\"attachment-medium_large size-medium_large\" alt=\"\" srcset=\"http:\/\/sailing-palava.com\/wp-content\/uploads\/2025\/05\/53841878145_0f90fd8d12_o-768x471.jpg 768w, http:\/\/sailing-palava.com\/wp-content\/uploads\/2025\/05\/53841878145_0f90fd8d12_o-300x184.jpg 300w, http:\/\/sailing-palava.com\/wp-content\/uploads\/2025\/05\/53841878145_0f90fd8d12_o-1024x628.jpg 1024w, http:\/\/sailing-palava.com\/wp-content\/uploads\/2025\/05\/53841878145_0f90fd8d12_o-1536x942.jpg 1536w, http:\/\/sailing-palava.com\/wp-content\/uploads\/2025\/05\/53841878145_0f90fd8d12_o.jpg 2000w\" sizes=\"(max-width: 640px) 100vw, 640px\" \/><\/a>\n\t\t\t<\/div><\/figure><figure class='gallery-item'>\n\t\t\t<div class='gallery-icon landscape'>\n\t\t\t\t<a data-elementor-open-lightbox=\"yes\" data-elementor-lightbox-slideshow=\"ab6775c\" data-elementor-lightbox-title=\"stupne\" data-e-action-hash=\"#elementor-action%3Aaction%3Dlightbox%26settings%3DeyJpZCI6MzUxMiwidXJsIjoiaHR0cDpcL1wvc2FpbGluZy1wYWxhdmEuY29tXC93cC1jb250ZW50XC91cGxvYWRzXC8yMDI1XC8wNVwvc3R1cG5lLmpwZyIsInNsaWRlc2hvdyI6ImFiNjc3NWMifQ%3D%3D\" href='http:\/\/sailing-palava.com\/wp-content\/uploads\/2025\/05\/stupne.jpg'><img loading=\"lazy\" decoding=\"async\" width=\"640\" height=\"427\" src=\"http:\/\/sailing-palava.com\/wp-content\/uploads\/2025\/05\/stupne-768x512.jpg\" class=\"attachment-medium_large size-medium_large\" alt=\"\" srcset=\"http:\/\/sailing-palava.com\/wp-content\/uploads\/2025\/05\/stupne-768x512.jpg 768w, http:\/\/sailing-palava.com\/wp-content\/uploads\/2025\/05\/stupne-300x200.jpg 300w, http:\/\/sailing-palava.com\/wp-content\/uploads\/2025\/05\/stupne-1024x682.jpg 1024w, http:\/\/sailing-palava.com\/wp-content\/uploads\/2025\/05\/stupne-1536x1024.jpg 1536w, http:\/\/sailing-palava.com\/wp-content\/uploads\/2025\/05\/stupne.jpg 2000w\" sizes=\"(max-width: 640px) 100vw, 640px\" \/><\/a>\n\t\t\t<\/div><\/figure>\n\t\t<\/div>\n\t\t<\/div>\n\t\t\t\t\t\t<\/div>\n\t\t\t\t<\/div>\n\t\t\t\t\t<\/div>\n\t\t<\/div>\n\t\t\t\t\t<\/div>\n\t\t<\/section>\n\t\t\t\t<\/div>\n\t\t","protected":false},"excerpt":{"rendered":"<p>Vojt\u011bch Ko\u0161ka t\u011bsn\u011b za medail\u00ed na MSJ \u00a0\u00a0 2024 FORMULA KITE YOUTH WORLD CHAMPIONSHIPS 1.\u20137. 7. 2024 \u00a0 V\u00a0italsk\u00e9 Gizzerii na mistrovstv\u00ed sv\u011bta do 21 let v\u00a0olympijsk\u00e9 t\u0159\u00edd\u011b Formula Kite se Vojt\u011bch Ko\u0161ka probojoval a\u017e do fin\u00e1le, v\u00a0n\u011bm\u017e z\u016fstal t\u011bsn\u011b za medail\u00ed. Vojta se po cel\u00fd z\u00e1vod dr\u017eel na medailov\u00fdch pozic\u00edch. Posledn\u00ed den (7. 7.&hellip;<\/p>\n","protected":false},"author":1,"featured_media":3516,"parent":0,"menu_order":0,"comment_status":"closed","ping_status":"closed","template":"","meta":{"footnotes":""},"class_list":["post-3504","page","type-page","status-publish","has-post-thumbnail","hentry"],"_links":{"self":[{"href":"http:\/\/sailing-palava.com\/index.php?rest_route=\/wp\/v2\/pages\/3504","targetHints":{"allow":["GET"]}}],"collection":[{"href":"http:\/\/sailing-palava.com\/index.php?rest_route=\/wp\/v2\/pages"}],"about":[{"href":"http:\/\/sailing-palava.com\/index.php?rest_route=\/wp\/v2\/types\/page"}],"author":[{"embeddable":true,"href":"http:\/\/sailing-palava.com\/index.php?rest_route=\/wp\/v2\/users\/1"}],"replies":[{"embeddable":true,"href":"http:\/\/sailing-palava.com\/index.php?rest_route=%2Fwp%2Fv2%2Fcomments&post=3504"}],"version-history":[{"count":23,"href":"http:\/\/sailing-palava.com\/index.php?rest_route=\/wp\/v2\/pages\/3504\/revisions"}],"predecessor-version":[{"id":3573,"href":"http:\/\/sailing-palava.com\/index.php?rest_route=\/wp\/v2\/pages\/3504\/revisions\/3573"}],"wp:featuredmedia":[{"embeddable":true,"href":"http:\/\/sailing-palava.com\/index.php?rest_route=\/wp\/v2\/media\/3516"}],"wp:attachment":[{"href":"http:\/\/sailing-palava.com\/index.php?rest_route=%2Fwp%2Fv2%2Fmedia&parent=3504"}],"curies":[{"name":"wp","href":"https:\/\/api.w.org\/{rel}","templated":true}]}}