{"id":3951,"date":"2025-07-30T14:31:14","date_gmt":"2025-07-30T12:31:14","guid":{"rendered":"https:\/\/sailing-palava.com\/?page_id=3951"},"modified":"2026-02-15T16:13:37","modified_gmt":"2026-02-15T15:13:37","slug":"anna-davidova","status":"publish","type":"page","link":"http:\/\/sailing-palava.com\/?page_id=3951","title":{"rendered":"Anna Davidov\u00e1"},"content":{"rendered":"\t\t<div data-elementor-type=\"wp-page\" data-elementor-id=\"3951\" class=\"elementor elementor-3951\">\n\t\t\t\t\t\t<section class=\"elementor-section elementor-top-section elementor-element elementor-element-8c60c02 elementor-section-boxed elementor-section-height-default elementor-section-height-default\" data-id=\"8c60c02\" data-element_type=\"section\" data-e-type=\"section\">\n\t\t\t\t\t\t<div class=\"elementor-container elementor-column-gap-default\">\n\t\t\t\t\t<div class=\"elementor-column elementor-col-100 elementor-top-column elementor-element elementor-element-61672569\" data-id=\"61672569\" data-element_type=\"column\" data-e-type=\"column\">\n\t\t\t<div class=\"elementor-widget-wrap elementor-element-populated\">\n\t\t\t\t\t\t<div class=\"elementor-element elementor-element-30fde902 elementor-widget elementor-widget-text-editor\" data-id=\"30fde902\" data-element_type=\"widget\" data-e-type=\"widget\" data-widget_type=\"text-editor.default\">\n\t\t\t\t<div class=\"elementor-widget-container\">\n\t\t\t\t\t\t\t\t\t\n<div class=\"wp-block-columns has-6-columns\">\n<div class=\"&quot;wp-block-column\u201c\">\n<h3>ANNA DAVIDOV\u00c1<\/h3>\n<h3><a href=\"https:\/\/www.instagram.com\/annadejvid?igsh=OWpjMmxwendlY3Ry\"><img decoding=\"async\" class=\"alignleft wp-image-2406\" src=\"http:\/\/sailing-palava.com\/wp-content\/uploads\/2019\/10\/instagram-300x263.png\" alt=\"\" width=\"74\" height=\"65\" srcset=\"http:\/\/sailing-palava.com\/wp-content\/uploads\/2019\/10\/instagram-300x263.png 300w, http:\/\/sailing-palava.com\/wp-content\/uploads\/2019\/10\/instagram.png 701w\" sizes=\"(max-width: 74px) 100vw, 74px\" \/><\/a><\/div>\n<\/div>\n<p>&nbsp;<\/p>\n<figure class=\"wp-block-image\">\n<p style=\"text-align: left;\"><span style=\"color: #000000;\"><strong>\n\u010clenka: <\/strong><span style=\"color: #000000;\"><strong style=\"font-size: 15px; font-family: var( --e-global-typography-text-font-family ), Sans-serif;\"><span style=\"font-weight: 400;\">TJ Sailing P\u00e1lava<\/span><\/strong><\/span><\/p>\n<p><span style=\"color: #000000;\">Narozena: 2004<\/span><br \/><span style=\"color: #000000;\">Kiteboarding: od 13 let<\/span><br \/><span style=\"color: #000000;\"><strong>Discipl\u00edny:<\/strong> kiteboarding, snowkiting race, freestyle<\/span><\/p>\n<p><span style=\"color: #000000;\"><strong>Nejv\u00fdznamn\u011bj\u0161\u00ed \u00fasp\u011bchy:<\/strong><\/span><\/p>\n<p><span style=\"color: #000000;\">2021<\/span><\/p>\n<ul>\n<li>\n<p><span style=\"color: #000000;\">2. m\u00edsto M\u010cR freestyle<\/span><\/p>\n<\/li>\n<li><span style=\"color: #000000;\">3. m\u00edsto M\u010cR race<\/span><\/li>\n<\/ul>\n<p><strong style=\"color: #000000;\">Jej\u00ed sen: <\/strong><span style=\"color: #000000;\">\u00fa\u010dast na olympijsk\u00fdch hr\u00e1ch\u00a0<\/span><\/p>\n<p><span style=\"color: #000000;\"><strong>Z\u00e1jmy<\/strong>:\u00a0<\/span><span style=\"color: #000000;\">snowboarding, surfing,\u00a0<\/span><span style=\"color: #000000;\">skateboarding<\/span><\/p>\n<p><strong style=\"color: #000000;\">Vybaven\u00ed:<\/strong><span style=\"color: #000000;\"> Flysurfer, Naish, Ion<\/span><\/p>\n<p><span style=\"color: #000000;\"><strong>Obl\u00edben\u00fd spot:<\/strong> Paradise Kitesurf Red Sea<\/span><\/p>\n<\/div>\n<\/div>\n<figure class=\"wp-block-gallery has-nested-images columns-default is-cropped\">\n<figure class=\"wp-block-image\"><\/figure>\n<p>\n\n\n\n\n\n<\/p>\n<\/figure>\n<p><!-- \/wp:gallery -->\n\n<!-- wp:gallery {\"linkTo\":\"none\"} --><\/p>\n<figure class=\"wp-block-gallery has-nested-images columns-default is-cropped\"><!-- wp:image {\"id\":1899,\"linkDestination\":\"none\"} -->\n<p>&nbsp;<\/p>\n<figure class=\"wp-block-image\"><\/figure>\n<p><!-- \/wp:image --><\/p>\n<\/figure>\n<p><!-- \/wp:gallery --><\/p>\t\t\t\t\t\t\t\t<\/div>\n\t\t\t\t<\/div>\n\t\t\t\t\t<\/div>\n\t\t<\/div>\n\t\t\t\t\t<\/div>\n\t\t<\/section>\n\t\t\t\t<\/div>\n\t\t","protected":false},"excerpt":{"rendered":"<p>&nbsp;<\/p>\n","protected":false},"author":1,"featured_media":3967,"parent":0,"menu_order":0,"comment_status":"closed","ping_status":"closed","template":"","meta":{"footnotes":""},"class_list":["post-3951","page","type-page","status-publish","has-post-thumbnail","hentry"],"_links":{"self":[{"href":"http:\/\/sailing-palava.com\/index.php?rest_route=\/wp\/v2\/pages\/3951","targetHints":{"allow":["GET"]}}],"collection":[{"href":"http:\/\/sailing-palava.com\/index.php?rest_route=\/wp\/v2\/pages"}],"about":[{"href":"http:\/\/sailing-palava.com\/index.php?rest_route=\/wp\/v2\/types\/page"}],"author":[{"embeddable":true,"href":"http:\/\/sailing-palava.com\/index.php?rest_route=\/wp\/v2\/users\/1"}],"replies":[{"embeddable":true,"href":"http:\/\/sailing-palava.com\/index.php?rest_route=%2Fwp%2Fv2%2Fcomments&post=3951"}],"version-history":[{"count":19,"href":"http:\/\/sailing-palava.com\/index.php?rest_route=\/wp\/v2\/pages\/3951\/revisions"}],"predecessor-version":[{"id":4516,"href":"http:\/\/sailing-palava.com\/index.php?rest_route=\/wp\/v2\/pages\/3951\/revisions\/4516"}],"wp:featuredmedia":[{"embeddable":true,"href":"http:\/\/sailing-palava.com\/index.php?rest_route=\/wp\/v2\/media\/3967"}],"wp:attachment":[{"href":"http:\/\/sailing-palava.com\/index.php?rest_route=%2Fwp%2Fv2%2Fmedia&parent=3951"}],"curies":[{"name":"wp","href":"https:\/\/api.w.org\/{rel}","templated":true}]}}