{"id":4885,"date":"2026-04-16T09:30:46","date_gmt":"2026-04-16T07:30:46","guid":{"rendered":"https:\/\/sailing-palava.com\/?page_id=4885"},"modified":"2026-04-16T09:37:56","modified_gmt":"2026-04-16T07:37:56","slug":"jachtarske-zavody-na-novych-mlynech","status":"publish","type":"page","link":"http:\/\/sailing-palava.com\/?page_id=4885","title":{"rendered":"Jachta\u0159sk\u00e9 z\u00e1vody na Nov\u00fdch Ml\u00fdnech"},"content":{"rendered":"\t\t<div data-elementor-type=\"wp-page\" data-elementor-id=\"4885\" class=\"elementor elementor-4885\">\n\t\t\t\t\t\t<section class=\"elementor-section elementor-top-section elementor-element elementor-element-26c9bb5 elementor-section-boxed elementor-section-height-default elementor-section-height-default\" data-id=\"26c9bb5\" data-element_type=\"section\" data-e-type=\"section\">\n\t\t\t\t\t\t<div class=\"elementor-container elementor-column-gap-default\">\n\t\t\t\t\t<div class=\"elementor-column elementor-col-50 elementor-top-column elementor-element elementor-element-ad41094\" data-id=\"ad41094\" data-element_type=\"column\" data-e-type=\"column\">\n\t\t\t<div class=\"elementor-widget-wrap elementor-element-populated\">\n\t\t\t\t\t\t<div class=\"elementor-element elementor-element-54cea8a elementor-widget__width-initial elementor-widget elementor-widget-text-editor\" data-id=\"54cea8a\" data-element_type=\"widget\" data-e-type=\"widget\" data-widget_type=\"text-editor.default\">\n\t\t\t\t<div class=\"elementor-widget-container\">\n\t\t\t\t\t\t\t\t\t<div dir=\"auto\" style=\"font-family: inherit; animation-name: none!important; transition-property: none!important;\"><p style=\"margin-bottom: 0cm; line-height: normal; background-image: initial; background-position: initial; background-size: initial; background-repeat: initial; background-attachment: initial; background-origin: initial; background-clip: initial;\"><strong><span style=\"font-size: 12pt; font-family: Arial, sans-serif; color: #000080; background: whitesmoke;\">Jachta\u0159sk\u00e9 z\u00e1vody na Nov\u00fdch Ml\u00fdnech<\/span><\/strong><span style=\"caret-color: #000000; color: #000000; font-size: 11pt; line-height: 16.866667px; font-family: Arial, sans-serif;\"><br \/><\/span><\/p><div>\u00a0<\/div><div><p style=\"font-weight: 400;\"><span style=\"color: #000080;\">TJ Sailing P\u00e1lava je p\u0159ipravena zajistit z\u00e1zem\u00ed pro jachta\u0159sk\u00e9 z\u00e1vody ve spolupr\u00e1ci s YC Dyje.<\/span><\/p><p style=\"font-weight: 400;\">TJ Sailing P\u00e1lava oznamuje, \u017ee je pln\u011b p\u0159ipravena poskytnout kvalitn\u00ed z\u00e1zem\u00ed pro v\u0161echny pl\u00e1novan\u00e9 jachta\u0159sk\u00e9 z\u00e1vody v\u0161ech lodn\u00edch t\u0159\u00edd v term\u00ednech zve\u0159ejn\u011bn\u00fdch na webov\u00fdch str\u00e1nk\u00e1ch klubu\u00a0<a href=\"https:\/\/sailing-palava.com\/?page_id=4588\">ZDE<\/a>.<\/p><p style=\"font-weight: 400;\">Zaji\u0161t\u011bn\u00ed z\u00e1vod\u016f prob\u00edh\u00e1 v \u00fazk\u00e9 spolupr\u00e1ci se sousedn\u00edm klubem YC Dyje. Oba are\u00e1ly budou b\u011bhem kon\u00e1n\u00ed z\u00e1vod\u016f funk\u010dn\u011b propojeny, \u010d\u00edm\u017e vznikne kapacitn\u011b siln\u00e9 a dob\u0159e organizovan\u00e9 prost\u0159ed\u00ed pro z\u00e1vodn\u00edky i organiza\u010dn\u00ed t\u00fdmy. Toto propojen\u00ed umo\u017en\u00ed efektivn\u00ed vyu\u017eit\u00ed ubytovac\u00edch ploch, technick\u00e9ho z\u00e1zem\u00ed z\u00e1vodn\u00ed komise i n\u00e1vazn\u00fdch slu\u017eeb v marin\u011b.<\/p><p style=\"font-weight: 400;\">TJ Sailing P\u00e1lava nov\u011b disponuje vlastn\u00ed recepc\u00ed, ke kter\u00e9 je zaji\u0161t\u011bn samostatn\u011b ozna\u010den\u00fd sjezd s odstavn\u00fdm parkovi\u0161t\u011bm. Recepce bude b\u011bhem z\u00e1vod\u016f v provozu denn\u011b od 8:00 do 20:00 a zajist\u00ed podporu \u00fa\u010dastn\u00edk\u016fm p\u0159i \u0159e\u0161en\u00ed jejich po\u017eadavk\u016f. Are\u00e1l je vybaven syst\u00e9movou z\u00e1vorou, vstupn\u00ed br\u00e1nou i brankou, kter\u00e9 umo\u017e\u0148uj\u00ed kontrolovan\u00fd a plynul\u00fd vjezd i vstup do are\u00e1lu.<\/p><p style=\"font-weight: 400;\">Sou\u010dasn\u011b na m\u00edst\u011b b\u00fdval\u00e9ho \u201e\u017dlu\u0165\u00e1ku\u201c vznik\u00e1 do\u010dasn\u00e9 ob\u010derstvovac\u00ed z\u00e1zem\u00ed, kter\u00e9 bude v budoucnu nahrazeno nov\u00fdm klubov\u00fdm z\u00e1zem\u00edm s plnohodnotn\u00fdm gastronomick\u00fdm provozem odpov\u00eddaj\u00edc\u00edm standard\u016fm b\u011b\u017en\u00fdm v jin\u00fdch z\u00e1vodn\u00edch destinac\u00edch. Do\u010dasn\u00e9 ob\u010derstven\u00ed bude k dispozici od 1. 5. 2026<\/p><p style=\"font-weight: 400;\">V r\u00e1mci dal\u0161\u00edho rozvoje klub aktu\u00e1ln\u011b spou\u0161t\u00ed online rezerva\u010dn\u00ed syst\u00e9m, kter\u00fd v\u00fdrazn\u011b zjednodu\u0161\u00ed a zrychl\u00ed proces p\u0159\u00edjezdu i pobytu v are\u00e1lu. Syst\u00e9m bude propojen s rozpozn\u00e1v\u00e1n\u00edm registra\u010dn\u00edch zna\u010dek (SPZ), d\u00edky \u010demu\u017e bude \u00fa\u010dastn\u00edk\u016fm umo\u017en\u011bn automatick\u00fd vjezd do are\u00e1lu i v pozdn\u00edch no\u010dn\u00edch hodin\u00e1ch bez nutnosti asistence recepce. V pr\u016fb\u011bhu pilotn\u00edho provozu b\u011bhem z\u00e1vod\u016f bude z\u00e1rove\u0148 zaji\u0161t\u011bna podpora recepce i v no\u010dn\u00edch hodin\u00e1ch (do 24:00).<\/p><p style=\"font-weight: 400;\">Ji\u017e brzy zve\u0159ejn\u00edme informace o pln\u00e9m spu\u0161t\u011bn\u00ed tohoto\u00a0<a href=\"https:\/\/sailing-palava.recepce-online.cz\/\">online rezerva\u010dn\u00edho syst\u00e9mu<\/a>\u00a0na na\u0161ich webov\u00fdch str\u00e1nk\u00e1ch.<\/p><p style=\"font-weight: 400;\">V\u00edce informac\u00ed o cen\u00e1ch ubytov\u00e1n\u00ed a slu\u017eb\u00e1ch naleznete\u00a0<a href=\"https:\/\/sailing-palava.com\/?page_id=4624\">ZDE<\/a>.<\/p><p style=\"font-weight: 400;\">Po dobu v\u0161ech pl\u00e1novan\u00fdch z\u00e1vod\u016f TJ Sailing P\u00e1lava ne\u00fa\u010dtuje ubytovan\u00fdm z\u00e1vodn\u00edk\u016fm parkov\u00e1n\u00ed lodn\u00edch voz\u00edk\u016f ani jejich uskladn\u011bn\u00ed v are\u00e1lu.<\/p><p style=\"font-weight: 400;\">\u00a0<\/p><p style=\"font-weight: 400;\">T\u011b\u0161\u00edme se na V\u00e1s<br \/>T\u00fdm TJ Sailing P\u00e1lava<br \/><br \/><\/p><p style=\"font-weight: 400;\"><strong>Recepce TJ Sailing P\u00e1lava<\/strong><br \/>e-mail:\u00a0<a href=\"mailto:sekretariat@sailing-palava.com\">recepce@sailing-palava.com<\/a><br \/>tel.: +420 775 786 918\u00a0 \u00a0<\/p><\/div><\/div>\t\t\t\t\t\t\t\t<\/div>\n\t\t\t\t<\/div>\n\t\t\t\t\t<\/div>\n\t\t<\/div>\n\t\t\t\t<div class=\"elementor-column elementor-col-50 elementor-top-column elementor-element elementor-element-20f5c56\" data-id=\"20f5c56\" data-element_type=\"column\" data-e-type=\"column\">\n\t\t\t<div class=\"elementor-widget-wrap elementor-element-populated\">\n\t\t\t\t\t\t<div class=\"elementor-element elementor-element-ab6775c elementor-widget elementor-widget-image-gallery\" data-id=\"ab6775c\" data-element_type=\"widget\" data-e-type=\"widget\" data-widget_type=\"image-gallery.default\">\n\t\t\t\t<div class=\"elementor-widget-container\">\n\t\t\t\t\t\t\t<div class=\"elementor-image-gallery\">\n\t\t\t<div id='gallery-1' class='gallery galleryid-4885 gallery-columns-1 gallery-size-medium_large'><figure class='gallery-item'>\n\t\t\t<div class='gallery-icon landscape'>\n\t\t\t\t<a data-elementor-open-lightbox=\"yes\" data-elementor-lightbox-slideshow=\"ab6775c\" data-elementor-lightbox-title=\"DJI_0192\" data-e-action-hash=\"#elementor-action%3Aaction%3Dlightbox%26settings%3DeyJpZCI6NDg5MiwidXJsIjoiaHR0cHM6XC9cL3NhaWxpbmctcGFsYXZhLmNvbVwvd3AtY29udGVudFwvdXBsb2Fkc1wvMjAyNlwvMDRcL0RKSV8wMTkyLXNjYWxlZC5qcGciLCJzbGlkZXNob3ciOiJhYjY3NzVjIn0%3D\" href='https:\/\/sailing-palava.com\/wp-content\/uploads\/2026\/04\/DJI_0192-scaled.jpg'><img fetchpriority=\"high\" decoding=\"async\" width=\"640\" height=\"360\" src=\"https:\/\/sailing-palava.com\/wp-content\/uploads\/2026\/04\/DJI_0192-768x432.jpg\" class=\"attachment-medium_large size-medium_large\" alt=\"\" srcset=\"https:\/\/sailing-palava.com\/wp-content\/uploads\/2026\/04\/DJI_0192-768x432.jpg 768w, https:\/\/sailing-palava.com\/wp-content\/uploads\/2026\/04\/DJI_0192-300x169.jpg 300w, https:\/\/sailing-palava.com\/wp-content\/uploads\/2026\/04\/DJI_0192-1024x575.jpg 1024w, https:\/\/sailing-palava.com\/wp-content\/uploads\/2026\/04\/DJI_0192-100x56.jpg 100w, https:\/\/sailing-palava.com\/wp-content\/uploads\/2026\/04\/DJI_0192-1536x863.jpg 1536w, https:\/\/sailing-palava.com\/wp-content\/uploads\/2026\/04\/DJI_0192-2048x1151.jpg 2048w\" sizes=\"(max-width: 640px) 100vw, 640px\" \/><\/a>\n\t\t\t<\/div><\/figure><figure class='gallery-item'>\n\t\t\t<div class='gallery-icon landscape'>\n\t\t\t\t<a data-elementor-open-lightbox=\"yes\" data-elementor-lightbox-slideshow=\"ab6775c\" data-elementor-lightbox-title=\"_H7D0095\" data-e-action-hash=\"#elementor-action%3Aaction%3Dlightbox%26settings%3DeyJpZCI6NDg5MSwidXJsIjoiaHR0cHM6XC9cL3NhaWxpbmctcGFsYXZhLmNvbVwvd3AtY29udGVudFwvdXBsb2Fkc1wvMjAyNlwvMDRcL0g3RDAwOTUtc2NhbGVkLmpwZyIsInNsaWRlc2hvdyI6ImFiNjc3NWMifQ%3D%3D\" href='https:\/\/sailing-palava.com\/wp-content\/uploads\/2026\/04\/H7D0095-scaled.jpg'><img decoding=\"async\" width=\"640\" height=\"427\" src=\"https:\/\/sailing-palava.com\/wp-content\/uploads\/2026\/04\/H7D0095-768x512.jpg\" class=\"attachment-medium_large size-medium_large\" alt=\"\" srcset=\"https:\/\/sailing-palava.com\/wp-content\/uploads\/2026\/04\/H7D0095-768x512.jpg 768w, https:\/\/sailing-palava.com\/wp-content\/uploads\/2026\/04\/H7D0095-300x200.jpg 300w, https:\/\/sailing-palava.com\/wp-content\/uploads\/2026\/04\/H7D0095-1024x683.jpg 1024w, https:\/\/sailing-palava.com\/wp-content\/uploads\/2026\/04\/H7D0095-100x67.jpg 100w, https:\/\/sailing-palava.com\/wp-content\/uploads\/2026\/04\/H7D0095-1536x1024.jpg 1536w, https:\/\/sailing-palava.com\/wp-content\/uploads\/2026\/04\/H7D0095-2048x1365.jpg 2048w\" sizes=\"(max-width: 640px) 100vw, 640px\" \/><\/a>\n\t\t\t<\/div><\/figure>\n\t\t<\/div>\n\t\t<\/div>\n\t\t\t\t\t\t<\/div>\n\t\t\t\t<\/div>\n\t\t\t\t\t<\/div>\n\t\t<\/div>\n\t\t\t\t\t<\/div>\n\t\t<\/section>\n\t\t\t\t<\/div>\n\t\t","protected":false},"excerpt":{"rendered":"<p>Jachta\u0159sk\u00e9 z\u00e1vody na Nov\u00fdch Ml\u00fdnech \u00a0 TJ Sailing P\u00e1lava je p\u0159ipravena zajistit z\u00e1zem\u00ed pro jachta\u0159sk\u00e9 z\u00e1vody ve spolupr\u00e1ci s YC Dyje. TJ Sailing P\u00e1lava oznamuje, \u017ee je pln\u011b p\u0159ipravena poskytnout kvalitn\u00ed z\u00e1zem\u00ed pro v\u0161echny pl\u00e1novan\u00e9 jachta\u0159sk\u00e9 z\u00e1vody v\u0161ech lodn\u00edch t\u0159\u00edd v term\u00ednech zve\u0159ejn\u011bn\u00fdch na webov\u00fdch str\u00e1nk\u00e1ch klubu\u00a0ZDE. Zaji\u0161t\u011bn\u00ed z\u00e1vod\u016f prob\u00edh\u00e1 v \u00fazk\u00e9 spolupr\u00e1ci se sousedn\u00edm&hellip;<\/p>\n","protected":false},"author":1,"featured_media":4890,"parent":0,"menu_order":0,"comment_status":"closed","ping_status":"closed","template":"","meta":{"footnotes":""},"class_list":["post-4885","page","type-page","status-publish","has-post-thumbnail","hentry"],"_links":{"self":[{"href":"http:\/\/sailing-palava.com\/index.php?rest_route=\/wp\/v2\/pages\/4885","targetHints":{"allow":["GET"]}}],"collection":[{"href":"http:\/\/sailing-palava.com\/index.php?rest_route=\/wp\/v2\/pages"}],"about":[{"href":"http:\/\/sailing-palava.com\/index.php?rest_route=\/wp\/v2\/types\/page"}],"author":[{"embeddable":true,"href":"http:\/\/sailing-palava.com\/index.php?rest_route=\/wp\/v2\/users\/1"}],"replies":[{"embeddable":true,"href":"http:\/\/sailing-palava.com\/index.php?rest_route=%2Fwp%2Fv2%2Fcomments&post=4885"}],"version-history":[{"count":10,"href":"http:\/\/sailing-palava.com\/index.php?rest_route=\/wp\/v2\/pages\/4885\/revisions"}],"predecessor-version":[{"id":4898,"href":"http:\/\/sailing-palava.com\/index.php?rest_route=\/wp\/v2\/pages\/4885\/revisions\/4898"}],"wp:featuredmedia":[{"embeddable":true,"href":"http:\/\/sailing-palava.com\/index.php?rest_route=\/wp\/v2\/media\/4890"}],"wp:attachment":[{"href":"http:\/\/sailing-palava.com\/index.php?rest_route=%2Fwp%2Fv2%2Fmedia&parent=4885"}],"curies":[{"name":"wp","href":"https:\/\/api.w.org\/{rel}","templated":true}]}}